 be z(3). Suppose -y*j - 1770 = -5*v, 4*v + 3*j = 727 + 675. Let f = 1449 - v. Is f prime?
True
Let g = -48516 + 87923. Is g a composite number?
True
Let y(h) = -302*h + 71. Let w be y(-6). Let l = -82 + w. Is l a prime number?
True
Suppose 8*t + 3 = 7*t. Let q = 24 + t. Suppose -19*y - 982 = -q*y. Is y a composite number?
False
Let z be (-3)/5 - (-4)/(-10). Let k be -2307*(z/(-6) + 1/(-2)). Suppose s - k = -4*j, -5*s = -4*j - 8*s + 779. Is j a composite number?
False
Let p be 0 + 4 + (-21 - -18). Let d be (p + -3)*((-6435)/6 - -1). Suppose d = 2*s - 311. Is s prime?
False
Let y(v) = v**2 - 26*v - 185. Let o be y(-22). Suppose 0 = -30*d + 43*d - o. Is d composite?
False
Let a = 35224 + -21425. Is a prime?
True
Let x be (-2)/8 + (-2 - 148/(-16)). Suppose 4*g - x*p = -2*p + 42236, -3*g - 2*p + 31677 = 0. Is g a composite number?
False
Let j(c) be the first derivative of 58*c - 29 - 37/2*c**2. Is j(-9) composite?
True
Is ((-381490)/4)/(13/(-10) - 456/(-570)) composite?
True
Let a(f) be the third derivative of 7*f**5/60 + 31*f**4/12 - 43*f**3/3 + 9*f**2. Is a(-45) prime?
True
Let g(m) = 17315*m - 304. Is g(3) composite?
True
Let w(l) = -641*l - 4111. Is w(-64) prime?
True
Let s be 1*(-6 + 90/6). Is (-519)/s*-17*3 prime?
False
Suppose 0 = -5*t + 25, -4*t - 5 = 4*z - 41. Suppose 2*n + 54 = -z*p + 5868, -12 = 4*p. Is n a composite number?
True
Suppose 0 = -195*c - 58*c + 18409039. Is c prime?
True
Suppose -43*o + 3120566 + 4344965 = 0. Is o prime?
True
Let p be (15/30 + 1/2)*-19. Let x = p - -22. Suppose -h + x*h = 74. Is h a composite number?
False
Is (41 + -43)/(0 + 5/((-11259775)/10)) prime?
True
Let g be (2 + 5)/((-528)/76 + 7). Suppose 5*w - 95 = 4*n, 0 = -2*n + 5*w - 23 - 22. Let u = g - n. Is u a prime number?
False
Let x(j) be the third derivative of -83*j**4/8 - 5*j**3/6 + 67*j**2. Is x(-2) prime?
False
Let m = 182117 - 87690. Is m composite?
False
Let y = 181 - 178. Is (-8)/20 + y + 8766/15 prime?
True
Let r(t) be the third derivative of -325*t**4/12 - 5*t**3/2 - 31*t**2. Let z(n) = -n - 1. Let u(j) = r(j) + 3*z(j). Is u(-5) composite?
True
Let h be (-29914 - -4) + 2 + -2. Let b = -16745 - h. Is b a prime number?
False
Let i = 46 + -48. Let l(j) = 731*j + 28. Let k be l(i). Let x = 2501 + k. Is x a prime number?
False
Suppose 6239183 + 11491219 = 53*s - 10726305. Is s a composite number?
True
Let h(c) = c**3 - 2*c**2 - 9*c + 15. Let d be 1*(-9)/(-3) + 3. Let u be h(d). Suppose -339 = -3*w + 5*l - 20, -u = -w + 2*l. Is w a composite number?
False
Let m(q) = q**3 + 3*q**2 + 4*q + 14928. Let g be m(0). Let c = -10187 + g. Is c a prime number?
False
Suppose 0 = 17*j - 10106474 - 3235925. Is j a composite number?
True
Suppose -8*r + 11*r + 3 = 0, -4 = 5*m + 4*r. Suppose 2*u - 9027 - 4531 = m. Is u composite?
False
Suppose 3*d = 17*s - 22*s + 1346729, -5*d = -40. Is s a composite number?
False
Let u(b) = 917*b + 2278. Is u(47) prime?
True
Let u(l) = -69*l**3 + l**2 - 2*l + 2. Let q be u(1). Let o = 2477 - q. Is o a composite number?
True
Suppose 15733 = 2*c + 2*d - 2625331, -4*c + 5282135 = -3*d. Is c composite?
False
Suppose 5*n - 5*c = 15, 0*c = -3*n - 5*c + 25. Let m be (-709)/(-1)*(-24 + 25). Suppose 21474 = n*p + m. Is p a prime number?
True
Let q(p) = -26*p + 34. Let o be q(-5). Suppose -7*x + o = -207. Is x a prime number?
True
Let q(a) = 643*a**2 - 1002*a - 11. Is q(-6) a prime number?
False
Suppose -1886*r + 2225442 = -1880*r. Is r composite?
True
Let h(c) = 16*c**3 + 5*c**2 - 8*c + 7. Let o be h(5). Let p = o - 453. Is p composite?
True
Let a = 146267 - 59640. Is a composite?
False
Let x(a) = -5*a**3 + 29*a**2 + 7*a + 974. Is x(-21) a composite number?
False
Suppose -2*a = 3*f - 34, -3*f = a - 5*a - 4. Let i(y) = -f*y + 32*y**2 - 9*y + 4 + 1 - 43*y**2 + y**3. Is i(14) a prime number?
False
Let b(d) = -d**3 - d**2 - 3*d + 5. Let n be b(1). Suppose 4*u + 2*q - 33840 = n, 3*u - 25373 = -0*u + 2*q. Is u a composite number?
True
Is (-2)/(-4) + (-25743356)/(-1112) a composite number?
True
Suppose 0 = 11*l + 8476 - 1502. Let y = -159 - l. Suppose -5*k - y = -2900. Is k a prime number?
False
Let r(s) = 17*s - 9*s - 15*s + 15*s**2 + 3. Let j be r(-11). Suppose 2*h = -3*h + j. Is h composite?
False
Let d = 1110 + -703. Let g = -342 + d. Is g a composite number?
True
Let n = 1829 - -3710. Let z = 9050 - n. Is z a composite number?
False
Suppose 17*h - 287122 + 63147 = 0. Suppose 5*y = -2*m + h, -8*y + 5*y + 7894 = -m. Is y a prime number?
True
Let d = 3027 + 793. Let k = d + -5366. Let h = -807 - k. Is h composite?
False
Let u be (-4)/(-10) + 7262/(-5). Let j(x) = -852*x + 5. Let m be j(-3). Let p = m + u. Is p composite?
False
Suppose 40 = -h + 20. Let r be ((-24)/h)/((-12828)/4280 + 3). Let i = 213 + r. Is i prime?
True
Suppose -k + 80950 = 5*k + 4*k. Is k composite?
True
Let y = 54 - 39. Suppose -5954 - 9451 = -y*v. Let i = v - 536. Is i a composite number?
False
Suppose -2*n = -a - 137129, -2*n = -459*a + 456*a - 137119. Is n a prime number?
True
Is 166905 - ((-20)/5 + 0) composite?
False
Let j(y) = -y**3 + 5*y**2 - 4*y + 3. Let u be j(4). Suppose -u*t = -4*p - 555, 4*p + 347 = 2*t + 9*p. Let r = 330 - t. Is r composite?
False
Suppose 2*f + 5*h + 14 = 0, 0 = -5*f + h - 5 - 3. Let l(j) = 4 - 8*j - 1 - 90*j. Is l(f) a composite number?
False
Is 318505 + 1 + (-151 - -148) a composite number?
False
Suppose 7*q = 12*q - 20. Is (-9)/(-6) + -2 - (-1014)/q a composite number?
True
Is (319574/(-10))/((-2)/(-80)*-8) a composite number?
False
Let g(z) = -z**3 - 21*z**2 - 53*z + 14. Let h be (150/42 - (-3)/7) + -1. Suppose -4*n + 5*c - 112 = 0, -2*n - 5 = -h*c + 53. Is g(n) a composite number?
True
Suppose -214*i + 98*i + 1653116 = 0. Is i composite?
False
Let c(u) = -330*u**3 + 2*u**2 + 3*u + 2. Suppose 3 = 9*a - 12*a. Is c(a) composite?
False
Let q(i) = -84*i - 127. Let j be (-28 - 4) + 1 + 1. Is q(j) a prime number?
True
Suppose 349 = 7*m + 328. Suppose -m*b + 16*n = 12*n - 54151, 2*n = -5*b + 90269. Is b a prime number?
False
Suppose 2*f + 136729 = g, -4*g - 2*f = -100565 - 446341. Is g a composite number?
False
Let k be -1*(12/(-3) - (-24)/8). Is 1/k + 4211 - (-1)/1 a prime number?
False
Suppose 2*u + 4 = 0, -s + 3 = 4*u - 5*u. Suppose 3*g + 12 = 2*h + 2*h, 0 = g + 2*h + 4. Is (-1611)/45*(g - s) prime?
True
Let o = -11638 + 19349. Is o a composite number?
True
Let t(y) = -y**2 + 2*y + 149. Let m be (-1 - -2)/((-3)/6). Let f(w) = w**3 + 4*w**2 + 4*w. Let s be f(m). Is t(s) prime?
True
Let j(y) = 4*y - 4. Let c be j(2). Suppose 2*r + 2*o + 190 = c*r, -83 = -r + 5*o. Suppose 0 = 3*h - 5*w - 147, -3*h + r = -h - 2*w. Is h a prime number?
False
Let r(m) = 1245*m**2 - 118. Is r(9) a composite number?
True
Let s(p) = -p**3 + 25*p**2 + 10*p + 273641. Is s(0) prime?
True
Let i(h) = -38*h**3 - 10*h**2 - 8*h - 9. Let d be i(-7). Suppose -6*j + 5*j - 12591 = 3*o, -3*o - 5*j - d = 0. Let b = -2356 - o. Is b composite?
True
Suppose 5*n + 39 - 49 = 0. Suppose -3*d + 3*g + 862 = -2408, -n*g + 5429 = 5*d. Is d a prime number?
True
Let g be 4*((-1 - -7) + -5). Suppose 2988 = 3*i - 3*f, -g*i - f = -3*i - 996. Suppose -b + 1711 = -i. Is b a prime number?
True
Let z(q) = -5*q**2 + 27 + 39*q**2 - q**3 - 2*q - 9 + 2*q**3. Is z(-19) prime?
True
Let j be 0 - (-29)/(-1) - 12/6. Let d = j + 25. Is d/(-27) + 14500/36 a composite number?
True
Suppose -8*i - 2*z = -3*i - 15, -4*i = -5*z - 12. Is (-2 + i)*((-12)/(-6) + 249) a composite number?
False
Let k(l) = -l**2 - 12*l - 4. Let a be k(-11). Let t(z) = -z**3 + 7*z**2 - z + 8. Let y be t(a). Is y*(-39)/(-12)*12 a composite number?
True
Let m(v) = -35548*v + 1707. Is m(-20) prime?
False
Let k(m) = -m**3 - m**2 + 2*m + 917. Suppose 0 = d - 3*d + 32. Suppose -2*r + 8 = 0, -3*r = 3*j + r - d. Is k(j) prime?
False
Suppose 4*p + 1102998 = -1144*i + 1146*i, 4*p - 551493 = -i. Is i a composite number?
True
Suppose 20*l = 28*l - 82*l + 1100454. Is l composite?
True
Let c be 5 - (0 + 10) - -22247. Let x = -2381 + c. Is x a prime number?
True
Let o(n) be the third derivative of 341*n**6/720 + n**5/30 - 13*n**4/24 + 34*n**2. Let g(s) be the second derivative of o(s). Is g(5) prime?
True
Suppose -2*r = z + 64, -r + z = -0*z + 38. Let p = r + 34. Suppose p*s + 1369 = u - 4*s, -2*s + 6779 = 5*u. Is u composite?
True
Let p(z) = 24105*z - 3